99?
True
Does 29 divide 698680?
False
Is 2 a factor of 638335?
False
Is 26 a factor of 1522378?
True
Is 4364958 a multiple of 214?
True
Is 763934 a multiple of 120?
False
Is 18 a factor of 713538?
True
Is 183 a factor of 11744?
False
Is 1154348 a multiple of 82?
False
Does 6 divide 823531?
False
Is 346 a factor of 2001944?
False
Is 2875748 a multiple of 217?
False
Does 78 divide 1660682?
False
Is 66 a factor of 149160?
True
Does 91 divide 234751?
False
Does 5 divide 3978360?
True
Is 3 a factor of 1949264?
False
Does 58 divide 1575860?
True
Is 24 a factor of 3249570?
False
Is 747245 a multiple of 35?
False
Is 71096 a multiple of 63?
False
Is 3144026 a multiple of 111?
False
Does 348 divide 3223524?
True
Does 245 divide 127890?
True
Is 1166752 a multiple of 32?
True
Is 2973858 a multiple of 220?
False
Is 119 a factor of 47957?
True
Is 10823 a multiple of 2?
False
Is 5818579 a multiple of 73?
False
Is 1053320 a multiple of 10?
True
Is 11560217 a multiple of 154?
False
Is 4573393 a multiple of 25?
False
Is 84301 a multiple of 8?
False
Is 416 a factor of 42050?
False
Does 4 divide 12485?
False
Is 192882 a multiple of 17?
True
Does 28 divide 5750444?
True
Is 7528273 a multiple of 69?
False
Is 19149182 a multiple of 454?
False
Is 7966 a multiple of 14?
True
Is 46 a factor of 5191996?
False
Is 22019 a multiple of 20?
False
Is 6 a factor of 56590?
False
Does 91 divide 1363413?
False
Is 1790714 a multiple of 710?
False
Is 164 a factor of 197784?
True
Is 98 a factor of 55185?
False
Is 54 a factor of 2785644?
True
Is 1188838 a multiple of 15?
False
Does 6 divide 1752045?
False
Does 1316 divide 16736888?
True
Does 766 divide 2403002?
False
Is 55712 a multiple of 4?
True
Is 5577561 a multiple of 583?
True
Is 383 a factor of 3457875?
False
Is 289 a factor of 392547?
False
Is 3 a factor of 9960?
True
Is 2888 a factor of 6487660?
False
Is 103 a factor of 14111?
True
Is 296602 a multiple of 7?
False
Does 29 divide 36569?
True
Is 261049 a multiple of 281?
True
Is 1077738 a multiple of 848?
False
Is 48421 a multiple of 26?
False
Is 861872 a multiple of 37?
False
Is 10 a factor of 4055168?
False
Is 310967 a multiple of 260?
False
Is 9 a factor of 10728?
True
Does 91 divide 3458364?
True
Is 210672 a multiple of 99?
True
Is 136303 a multiple of 44?
False
Is 13 a factor of 4044508?
True
Does 12 divide 16586665?
False
Is 1716369 a multiple of 94?
False
Does 17 divide 727792?
False
Is 131456 a multiple of 79?
True
Does 260 divide 267020?
True
Does 190 divide 566225?
False
Is 815262 a multiple of 177?
True
Does 18 divide 501912?
True
Is 226 a factor of 45799?
False
Does 585 divide 3111615?
True
Is 621220 a multiple of 356?
True
Does 119 divide 5593833?
True
Is 89 a factor of 224559?
False
Does 22 divide 22517?
False
Is 3955417 a multiple of 74?
False
Is 10772328 a multiple of 12?
True
Is 9 a factor of 1354624?
False
Is 5068397 a multiple of 4?
False
Is 2488700 a multiple of 1214?
True
Does 1588 divide 3538064?
True
Does 805 divide 4784223?
False
Is 6838987 a multiple of 109?
True
Is 112 a factor of 11999243?
False
Is 830 a factor of 1238593?
False
Does 171 divide 192511?
False
Is 115 a factor of 610650?
True
Does 117 divide 794282?
False
Does 26 divide 237673?
False
Is 9 a factor of 808902?
True
Is 15136704 a multiple of 396?
True
Is 1696 a factor of 16895552?
True
Is 137 a factor of 153166?
True
Is 1034 a factor of 3759136?
False
Is 32 a factor of 145694?
False
Does 11 divide 1669954?
True
Is 13 a factor of 134147?
True
Does 275 divide 3603050?
True
Is 544 a factor of 2111770?
False
Is 97 a factor of 305162?
True
Is 237 a factor of 2871255?
True
Is 207 a factor of 245069?
False
Is 6924619 a multiple of 35?
False
Is 14 a factor of 83254?
False
Is 761 a factor of 5111637?
True
Is 171 a factor of 667438?
False
Is 58121 a multiple of 19?
True
Is 4040322 a multiple of 85?
False
Is 1018610 a multiple of 74?
True
Is 3474030 a multiple of 26?
False
Is 52 a factor of 11654968?
True
Is 111 a factor of 242611?
False
Does 90 divide 556483?
False
Does 260 divide 85280?
True
Does 219 divide 165658?
False
Does 133 divide 24895690?
False
Does 30 divide 8649390?
True
Is 3520075 a multiple of 6?
False
Does 381 divide 11468388?
False
Is 671373 a multiple of 524?
False
Is 158 a factor of 6619508?
False
Does 303 divide 108506?
False
Is 9759868 a multiple of 206?
True
Is 58 a factor of 39601?
False
Is 24 a factor of 109463?
False
Is 349920 a multiple of 90?
True
Is 210099 a multiple of 177?
True
Is 7444944 a multiple of 984?
True
Is 333269 a multiple of 7?
False
Is 3607869 a multiple of 3?
True
Is 3533880 a multiple of 7?
True
Is 2405634 a multiple of 66?
True
Is 163 a factor of 749474?
True
Is 704947 a multiple of 20?
False
Is 319838 a multiple of 17?
True
Is 2522310 a multiple of 14?
True
Is 4083577 a multiple of 10?
False
Is 59 a factor of 533891?
True
Is 212 a factor of 315456?
True
Is 156220 a multiple of 73?
True
Does 445 divide 5739610?
True
Is 27103920 a multiple of 16?
True
Is 10 a factor of 252960?
True
Does 22 divide 363242?
True
Is 122 a factor of 201544?
True
Does 5 divide 1426264?
False
Is 98050 a multiple of 25?
True
Does 54 divide 15605298?
True
Does 178 divide 98321?
False
Is 167211 a multiple of 33?
True
Is 1298485 a multiple of 10?
False
Is 17972775 a multiple of 2265?
True
Does 39 divide 240162?
True
Is 13 a factor of 1623764?
False
Is 439 a factor of 2150222?
True
Is 45 a factor of 406755?
True
Is 3 a factor of 1391?
False
Is 16 a factor of 13920?
True
Does 29 divide 65018?
True
Does 65 divide 89558?
False
Is 6352080 a multiple of 140?
True
Is 81309 a multiple of 13?
False
Is 183050 a multiple of 4?
False
Is 106 a factor of 78884?
False
Does 4 divide 66282?
False
Is 1558814 a multiple of 408?
False
Is 3207899 a multiple of 18?
False
Does 185 divide 6538455?
True
Is 761438 a multiple of 46?
True
Does 176 divide 648912?
True
Is 112 a factor of 1040266?
False
Is 217 a factor of 114793?
True
Is 309 a factor of 419487?
False
Is 25 a factor of 27862184?
False
Does 400 divide 178275?
False
Is 51 a factor of 339150?
True
Does 2565 divide 14340915?
True
Is 4044168 a multiple of 216?
True
Is 365433 a multiple of 2?
False
Is 181 a factor of 749904?
False
Is 432640 a multiple of 676?
True
Is 490875 a multiple of 25?
True
Is 150 a factor of 3020472?
False
Is 115830 a multiple of 15?
True
Is 42463 a multiple of 11?
False
Is 341824 a multiple of 18?
False
Is 47 a factor of 9301254?
False
Is 12374276 a multiple of 294?
False
Does 42 divide 872009?
False
Does 139 divide 267992?
True
Is 53 a factor of 570654?
False
Is 51 a factor of 22416028?
False
Does 56 divide 4710944?
True
Is 46 a factor of 1645222?
False
Is 537 a factor of 5789397?
True
Does 878 divide 2413622?
True
Is 41 a factor of 11963257?
False
Is 882 a factor of 16048872?
True
Does 81 divide 592515?
True
Does 181 divide 2255686?
False
Does 11 divide 98934?
True
Is 13 a factor of 847457?
True
Does 612 divide 226584?
False
Is 58499 a multiple of 61?
True
Is 123969 a multiple of 3?
True
Does 172 divide 13558?
False
Does 35 divide 18928?
False
Does 10 divide 21603044?
False
Is 9 a factor of 227954?
False
Does 155 divide 15222839?
False
Is 678496 a multiple of 26?
True
Is 9 a factor of 25047?
True
Is 27 a factor of 488309?
False
Is 20592584 a multiple of 103?
True
Does 48 divide 120528?
True
Does 438 divide 2272842?
False
Is 1029 a factor of 19135284?
True
Does 311 divide 6219254?
False
Is 2498539 a multiple of 648?
False
Is 15730 a multiple of 242?
True
Does 225 divide 276238?
False
Is 1095940 a multiple of 13?
False
Is 136215 a multiple of 15?
True
Is 1296603 a multiple of 11?
True
Is 189862 a multiple of 257?
False
Does 273 divide 406770?
True
Is 129 a factor of 4836597?
True
Is 1869764 a multiple of 877?
True
Does 83 divide 7297526?
True
Does 109 divide 43851?
False
Is 157811 a multiple of 258?
False
Is 28 a factor of 1960028?
True
Does 289 divide 3925505?
False
Is 6334932 a multiple of 258?
True
Is 33 a factor of 1924019?
False
Does 23 divide 550351?
False
Does 568 divide 5057472?
True
Is 11182963 a multiple of 114?
False
Is 42902 a multiple of 44?
False
Does 32 divide 3829696?
True
Is 245 a factor of 143690?
False
Is 63984 a multiple of 496?
True
Is 1681306 a multiple of 24?
False
Is 508256 a multiple of 32?
True
Is 5373